 Is s composite?
False
Suppose 3*c + 3*z - 444 = 8*z, 0 = 3*z + 9. Suppose c*d - 47814 = 137*d. Is d prime?
False
Is 24/30 + (-4531230)/(-150) composite?
True
Let t(z) = 1309*z + 1716*z - 514*z - 11. Let s be t(2). Suppose -2882 = -9*w + s. Is w prime?
True
Let q(b) = -1301*b + 8. Let g(i) = 1303*i - 7. Let o(r) = 4*g(r) + 3*q(r). Is o(9) a prime number?
True
Suppose -889031 = 1292*h - 1305*h. Is h a prime number?
False
Suppose 0*s + 105 = -3*s + 3*y, -4*s = 2*y + 116. Let k = s - -34. Suppose -2*z + 6925 = k*z. Is z a composite number?
True
Suppose -225775 = -4*o + 5*b + 140012, -274344 = -3*o + 3*b. Is o prime?
True
Let i = 15 - -84. Suppose 100*v - i*v = 12. Suppose v*j = 507 + 3297. Is j composite?
False
Let w(l) = 2*l**2 + 9*l + 5. Let f be w(-2). Is 5/f*(25221 + 1)/(-2) composite?
False
Suppose 0 = 2*v - 2*y - 6290646, -8*v + 12581288 = -4*v - 5*y. Is v a composite number?
False
Suppose -5253768 = -127*d + 1591048 + 2449425. Is d composite?
True
Suppose -6*y + 4414598 + 4611004 = 0. Is y prime?
True
Let p(g) = 31*g**2 - 54*g + 3105. Is p(52) a composite number?
False
Suppose -5*g = 4*r - 165, -3*r + g + 240 = 102. Let t(a) = a**3 - 43*a**2 - 19*a + 98. Is t(r) prime?
False
Suppose 4*v + 19724 = 5*n - 50809, -70519 = -5*n + 2*v. Is n a composite number?
True
Let t(g) = -844*g + 5231. Is t(-60) prime?
True
Let i(d) = -d**3 + 54*d**2 - 458*d + 118. Is i(34) prime?
False
Suppose 4*q - v - 264572 - 576547 = 0, -q + 210276 = -v. Is q a composite number?
True
Suppose -23364 = -11*w + 71500. Let c = w + -5827. Is c composite?
False
Is ((1/3)/((-1)/(-4)))/((-38)/(-78261)) a prime number?
False
Suppose -3*b - 5*c = -102009 - 181520, 5*c = -4*b + 378042. Is b prime?
True
Let s = -3546 + 5323. Suppose s + 20234 = 33*m. Is m composite?
True
Let m be (6/(-3))/(-4)*(-5 + 109). Suppose -m*q = -49*q - 879. Is q prime?
True
Suppose 133*m = 132*m - 1. Is -39 - -3097 - m/1*3 a prime number?
True
Suppose -58 = u + 35. Let v = -90 - u. Suppose 5*g + 3*i = 485, -282 = -4*g + v*i + 79. Is g a composite number?
True
Is -1012578*((-3)/4)/(99/44) - 5 composite?
True
Suppose 4*s + 58 = 2*b, -5*b + 2*b + 78 = -3*s. Suppose 0 = 11*g + b - 958. Is g prime?
False
Suppose 0 = -263*g + 49*g - 125*g + 4092069. Is g prime?
True
Let k be (-20)/50 + 17097/5. Suppose -4*w + 5*b = -6831, 6*w + b - k = 4*w. Is w prime?
True
Let m be -19 + 19 + ((-2)/2 - -3). Suppose -5*s + 8 = 4*n, -m*s + s + n - 2 = 0. Is 25206/12*(-1 + (s - -3)) composite?
False
Let g(z) = -28304*z**3 + 2*z**2 + 2*z + 2. Let b be g(-1). Suppose -2*j + 3*h = -23339, -4*j + b + 18382 = 4*h. Suppose 5*i + 1406 - j = 0. Is i a prime number?
True
Suppose 2*f = 16, 52*f + 906297 = 5*b + 56*f. Is b a composite number?
False
Let p(w) = 57*w**2 + 12*w - 7. Let y(l) be the first derivative of 5*l**2/2 - 36*l + 7. Let o be y(8). Is p(o) a composite number?
False
Let u = -515 + 515. Suppose -5*g + 30065 = 2*h + 3*h, -4*g + 5*h + 24088 = u. Is g a composite number?
True
Let c be 8/6*18/4. Let o be 84/30*(-45)/(-63). Is (o + (-15)/c)*-1506 a prime number?
False
Is 979209 + ((-184)/18 - (-112)/504) a prime number?
False
Let m(u) = -u + 211. Suppose 2*b - 12 - 2 = 0. Let t be b + -10 - (-5 - -2). Is m(t) a prime number?
True
Let y(h) = h**3 - 37*h**2 + 70*h + 15. Let b be y(35). Suppose 4*p - b = 5, s - 1261 = 2*p. Is s prime?
False
Let v = -416 + 420. Suppose v*m - 4138 = -2*w, 5*w - 580 - 9735 = -4*m. Is w a composite number?
True
Let s be (-64)/(-11) + 4/22. Let r(k) = 466*k - 77. Is r(s) a prime number?
True
Let t = 44545 + 129424. Is t a prime number?
True
Suppose 0 = -6*b + 7*b - 316. Let g = -258 + b. Is g a prime number?
False
Suppose 707926 = -18*w + 12*w + 8*w. Is w prime?
True
Let s be 4/3 + 5*(-16)/24. Is 214/(3456/(-8865) + s/(-5)) a composite number?
True
Let a(q) = -8*q**3 + 19*q**2 + 54*q - 10. Let v be a(18). Let d = v - -65847. Is d a composite number?
False
Let d(s) = -6*s**3 + 2*s**2 - 7*s + 15. Suppose l + 146 = 144. Let y be ((-8)/l)/(2/(-4)). Is d(y) composite?
False
Let j(y) = 1267*y**2 + 2*y - 3. Let m be j(1). Suppose 3*v - v - m = 0. Is 4/10 - v/(-5) prime?
True
Suppose 256*k + 38160333 - 55150794 - 48446467 = 0. Is k a prime number?
True
Let f = -218225 + 317172. Is f prime?
True
Is -7 + 2 + (15 - (-2919 + 6)) a composite number?
True
Let i = 245883 - 20110. Is i composite?
True
Let u(b) = 28*b - 55. Let z(d) = -56*d + 110. Let y be (-2)/(-10)*3*(-4 + -1). Let n(w) = y*z(w) - 5*u(w). Is n(20) composite?
True
Suppose 8*v - 24 = -0*v. Let i be v/6*82*6. Suppose 14 = -4*b + i. Is b prime?
False
Let k be (-3)/((-6)/4) - (-25 - -23). Let p(g) = -10 - k*g + 27*g + 3 + 19*g. Is p(3) prime?
False
Is 1808/(-224)*7*-526 composite?
True
Is ((-489772)/(-7))/(-8*(-6)/168) composite?
True
Suppose 0 = 8*y - 0*y - 3088. Suppose k - 2*k = 203. Let p = y - k. Is p a prime number?
False
Let c = -1341470 + 2641723. Is c composite?
False
Let p = -302029 - -494534. Is p prime?
False
Suppose -4*v + 5 = -3. Suppose 2*b - b + 2698 = 2*d, 4047 = 3*d + v*b. Is d composite?
True
Let p(x) = -3*x**2 + 42*x + 41. Let l be p(15). Is (l/14)/(-1) - 12865905/(-455) composite?
False
Let m(p) = -p**3 - 44*p**2 - 46*p - 133. Let a be m(-43). Is 403948/16 + (7/a - -2) composite?
False
Suppose -284*t + 268*t + 38082 = -3376846. Is t composite?
True
Suppose -10 = -5*c, 0 = 2*z - c - 0*c - 10. Let u(b) = z - 13 - 4 + 4*b + 36*b**2. Is u(4) a prime number?
False
Let j be (1 - 1)*1/(-2). Suppose 3*p - 4*f - 4189 = 22534, 5*p = -5*f + 44585. Suppose p = -j*u + 3*u. Is u a prime number?
True
Let t(d) = -d**3 + 57*d**2 - 84*d - 238. Is t(40) a composite number?
True
Let b(j) = 9505*j**2 - 179*j - 613. Is b(-8) composite?
True
Let z = -477402 + 998611. Is z a prime number?
False
Let o be (-360)/420 - (-258046)/14. Let x = o + -12184. Is x a composite number?
False
Let s = 407227 + -98936. Is s a composite number?
False
Is 6/(-8) - (557370/(-24) - -10) a prime number?
False
Suppose 11*l - 12*l + 2*k + 2831 = 0, 0 = -l + 4*k + 2819. Is l prime?
True
Suppose 389270 - 17856489 = -262*n + 185*n. Is n a composite number?
True
Suppose 2*x = -2*x - 20. Let g be ((-4)/(-8))/(x/120). Is g/24 - ((-6030)/4 + 0) composite?
True
Suppose -65434 = -19*s + 826635. Is s a composite number?
True
Suppose 153*u - 1019205 - 6767118 = 0. Is u prime?
True
Suppose 34*p - 13467 - 57553 = 482. Is p a composite number?
True
Suppose -14 = 12*w - 19*w. Suppose -f + 4*v = -16, 14 + 6 = w*f + 4*v. Suppose -f*i = -4*i - 80. Is i prime?
False
Let x(d) = -2*d**2 + 3*d. Let u be x(2). Is (2 + -1)*u + 4329 composite?
False
Let c(q) = 4*q**2 + 28*q + 5. Let u be c(-7). Let t(r) = 219*r**2 + 12*r - 28. Is t(u) prime?
True
Let j(x) = -195*x - 54. Let b be j(-6). Let m = 33 + b. Is m a prime number?
False
Let h(w) = -1455*w**3 + 14*w**2 + 21*w + 107. Is h(-7) a prime number?
True
Suppose -18 = 5*r + 17, 0 = 3*p + 5*r - 199456. Is p a composite number?
True
Suppose 4*p - 6 = -2*v, 7 = 2*v + 2*p + 11. Is (4588 - (1 + -3)) + v prime?
True
Let i(d) = -46*d**2 - 23*d + 131. Let v(p) = 136*p**2 + 69*p - 395. Let o(a) = -7*i(a) - 2*v(a). Is o(5) a prime number?
False
Suppose 5*h - 76220 = -9105. Is h a composite number?
True
Let i = 294 - 316. Is -706*((-36)/(-96) + i/16) a prime number?
False
Let n be 30/(-12) - 35/(-10). Let z(v) = 191*v - 4. Let b(x) = -191*x + 4. Let f(q) = -3*b(q) - 2*z(q). Is f(n) a prime number?
False
Suppose i = 5*w + 63254 - 12210, i = 3*w + 51046. Is i a composite number?
True
Let n be ((-4)/(-2))/((-20)/(-140)). Let r(g) = -2*g + 47. Is r(n) a prime number?
True
Suppose 616622 = -18*y + 769930 + 1624606. Is y a prime number?
True
Suppose -3*o = 3*p - 884085, 3*p + 423988 + 460145 = 3*o. Is o a prime number?
True
Suppose 22*q - 17*q - 174539 = -3*w, 2*w - 116358 = -4*q. Is w a prime number?
False
Let x be 668/5 - (-6)/15. Let n = x + -136. Is (-2)/(n/117) - (-2)/2 prime?
False
Let y(z) = 19*z + 3*z + 2 + 29 + 140*z**2 + 3*z + 12. Is y(-8) a composite number?
False
Let j be (746/(-5))/(6/(-8115)). Suppose -2*r + a + 64369 = 0, -5*r - 40884 = 2*a - j. Is r a composite number?
False
Suppose -5*x = -547 + 2527. Let d = -2 - x. Is d a composite number?
True
Let l(m) = -326*m - 6. Let b be l(5). Suppose 3*h + 5*d + 10444 = 6*h, 10447 = 3*h - 2*d. Let n = b + h. Is n